{"id":2505,"date":"2017-01-15T19:30:11","date_gmt":"2017-01-15T17:30:11","guid":{"rendered":"http:\/\/bibiloni.cat\/blog\/?page_id=2505"},"modified":"2020-11-30T02:14:39","modified_gmt":"2020-11-30T00:14:39","slug":"index-de-la-llegenda-auria","status":"publish","type":"page","link":"https:\/\/bibiloni.cat\/blog\/index-de-la-llegenda-auria\/","title":{"rendered":"\u00cdndex de la Llegenda \u00e0uria"},"content":{"rendered":"<p><a href=\"http:\/\/bibiloni.cat\/blog\/?p=1401\">Cap d&#8217;Any, \u00abSant Jes\u00fas\u00bb i un enigma<\/a> (1<sup>r<\/sup> de gener)<\/p>\n<p><a href=\"http:\/\/bibiloni.cat\/blog\/?p=1616\">Els Reis<\/a> (6 de gener)<\/p>\n<p><a href=\"http:\/\/bibiloni.cat\/blog\/?p=2493\">Sant Juli\u00e0<\/a> (9 de gener)<\/p>\n<p><a href=\"http:\/\/bibiloni.cat\/blog\/?p=2500\">Sant Honorat<\/a> (16 de gener)<\/p>\n<p><a href=\"http:\/\/bibiloni.cat\/blog\/?p=1656\">Sant Antoni<\/a> (17 de gener)<\/p>\n<p><a href=\"http:\/\/bibiloni.cat\/blog\/?p=1687\">Sant Sebasti\u00e0<\/a> (20 de gener)<\/p>\n<p><a href=\"http:\/\/bibiloni.cat\/blog\/?p=1705\">Santa Agn\u00e8s<\/a> (21 de gener)<\/p>\n<p><a href=\"http:\/\/bibiloni.cat\/blog\/?p=1712\">Sant Vicen\u00e7<\/a> (22 de gener)<\/p>\n<p>Sant Pau (25 de gener)<\/p>\n<p><a href=\"http:\/\/bibiloni.cat\/blog\/?p=1747\">La Candelera<\/a> (2 de febrer)<\/p>\n<p><a href=\"http:\/\/bibiloni.cat\/blog\/?p=1758\">Sant Blai<\/a> (3 de febrer)<\/p>\n<p><a href=\"http:\/\/bibiloni.cat\/blog\/?p=1771\">Santa \u00c0gata<\/a> (5 de febrer)<\/p>\n<p><a href=\"http:\/\/bibiloni.cat\/blog\/?p=1782\">Santa Apol\u00b7l\u00f2nia<\/a> (9 de febrer)<\/p>\n<p><a href=\"http:\/\/bibiloni.cat\/blog\/?p=1806\">La Mare de D\u00e9u de Lorda<\/a> (11 de febrer)<\/p>\n<p><a href=\"http:\/\/bibiloni.cat\/blog\/?p=1845\">Santa Eul\u00e0lia<\/a> (12 de febrer)<\/p>\n<p><a href=\"http:\/\/bibiloni.cat\/blog\/?p=1831\">Sant Valent\u00ed<\/a> (14 de febrer)<\/p>\n<p><a href=\"http:\/\/bibiloni.cat\/blog\/?p=1885\">Sant Maci\u00e0<\/a> (25 de febrer)<\/p>\n<p><a href=\"http:\/\/bibiloni.cat\/blog\/?p=1984\">Sant Gregori<\/a> (12 de mar\u00e7)<\/p>\n<p><a href=\"http:\/\/bibiloni.cat\/blog\/?p=1997\">Sant Josep<\/a> (19 de mar\u00e7)<\/p>\n<p>Sant Benet (21 de mar\u00e7)<\/p>\n<p><a href=\"http:\/\/bibiloni.cat\/blog\/?p=2034\">Sant Gabriel<\/a> (24 de mar\u00e7)<\/p>\n<p><a href=\"http:\/\/bibiloni.cat\/blog\/?p=2063\">La Mare de D\u00e9u dels Dolors<\/a> (divendres abans del Diumenge del Ram)<\/p>\n<p><a href=\"http:\/\/bibiloni.cat\/blog\/?p=2117\">Pasqua<\/a> (dia variable)<\/p>\n<p><a href=\"http:\/\/bibiloni.cat\/blog\/?p=2167\">Sant Jordi<\/a> (23 d&#8217;abril)<\/p>\n<p><a href=\"http:\/\/bibiloni.cat\/blog\/?p=2529\">Sant Marc<\/a> (25 d&#8217;abril)<\/p>\n<p><a href=\"http:\/\/bibiloni.cat\/blog\/?p=2531\">La Mare de D\u00e9u de Montserrat<\/a> (27 d&#8217;abril)<\/p>\n<p><a href=\"http:\/\/bibiloni.cat\/blog\/?p=2534\">Sant Felip<\/a> (3 de maig)<\/p>\n<p><a href=\"http:\/\/bibiloni.cat\/blog\/?p=2553\">Santa M\u00f2nica<\/a> (4 de maig)<\/p>\n<p><a href=\"http:\/\/bibiloni.cat\/blog\/?p=2554\">Sant Isidre<\/a> (15 de maig)<\/p>\n<p><a href=\"http:\/\/bibiloni.cat\/blog\/?p=2559\">Santa Rita<\/a> (22 de maig)<\/p>\n<p><a href=\"http:\/\/bibiloni.cat\/blog\/?p=2564\">Sant Ferran<\/a> (30 de maig)<\/p>\n<p><a href=\"http:\/\/bibiloni.cat\/blog\/?p=2596\">Sant Onofre<\/a> (12 de juny)<\/p>\n<p><a href=\"http:\/\/bibiloni.cat\/blog\/?p=2603\">Sant Joan<\/a>\u00a0(24 de juny)<\/p>\n<p>Sant Guillem (25 de juny)<\/p>\n<p><a href=\"http:\/\/bibiloni.cat\/blog\/?p=2604\">Sant Pere<\/a> (29 de juny)<\/p>\n<p><a href=\"http:\/\/bibiloni.cat\/blog\/?p=2606\">Sant Mar\u00e7al<\/a> (30 de juny)<\/p>\n<p><a href=\"http:\/\/bibiloni.cat\/blog\/?p=2522\">Santa Elionor<\/a> (1r de juliol)<\/p>\n<p>Sant Crist\u00f2fol (10 de juliol)<\/p>\n<p>Sant Bonaventura (14 de juliol)<\/p>\n<p><a href=\"http:\/\/bibiloni.cat\/blog\/?p=2614\">Sant Henric<\/a> (15 de juliol)<\/p>\n<p><a href=\"http:\/\/bibiloni.cat\/blog\/?p=2616\">La Mare de D\u00e9u del Carme<\/a> (16 de juliol)<\/p>\n<p><a href=\"http:\/\/bibiloni.cat\/blog\/?p=2620\">Sant Arnau<\/a> (18 de juliol)<\/p>\n<p><a href=\"http:\/\/bibiloni.cat\/blog\/?p=2623\">Santa Margarida<\/a> (20 de juliol)<\/p>\n<p><a href=\"http:\/\/bibiloni.cat\/blog\/?p=2625\">Santa Praxedis<\/a> (21 de juliol)<\/p>\n<p><a href=\"http:\/\/bibiloni.cat\/blog\/?p=2626\">Santa Magdalena<\/a> (22 de juliol)<\/p>\n<p><a href=\"http:\/\/bibiloni.cat\/blog\/?p=2627\">Sant Jaume<\/a> (25 de juliol)<\/p>\n<p>Sant Joaquim i <a href=\"http:\/\/bibiloni.cat\/blog\/?p=2629\">Santa Anna<\/a> (26 de juliol)<\/p>\n<p><a href=\"http:\/\/bibiloni.cat\/blog\/?p=2641\">Santa Marta<\/a> (29 de juliol)<\/p>\n<p><a href=\"http:\/\/bibiloni.cat\/blog\/?p=2650\">Sant Ignaci<\/a> (31 de juliol)<\/p>\n<p><a href=\"http:\/\/bibiloni.cat\/blog\/?p=2796\">Sant Feliu<\/a> (1<sup>r<\/sup> d&#8217;agost)<\/p>\n<p><a href=\"http:\/\/bibiloni.cat\/blog\/?p=2798\">La Mare de D\u00e9u dels \u00c0ngels<\/a> (2 d&#8217;agost)<\/p>\n<p><a href=\"http:\/\/bibiloni.cat\/blog\/?p=2799\">\u00abSanta Neus\u00bb<\/a> (5 d&#8217;agost)<\/p>\n<p><a href=\"http:\/\/bibiloni.cat\/blog\/?p=2800\">Sant Salvador<\/a> (6 d&#8217;agost)<\/p>\n<p><a href=\"http:\/\/bibiloni.cat\/blog\/?p=2801\">Sant Gaiet\u00e0<\/a> (7 d&#8217;agost)<\/p>\n<p><a href=\"http:\/\/bibiloni.cat\/blog\/?p=2802\">Sant Dom\u00e8nec<\/a> (8 d&#8217;agost)<\/p>\n<p><a href=\"http:\/\/bibiloni.cat\/blog\/?p=2803\">Sant Lloren\u00e7<\/a> (10 d&#8217;agost)<\/p>\n<p><a href=\"http:\/\/bibiloni.cat\/blog\/?p=2804\">Santa Susanna<\/a> (11 d&#8217;agost)<\/p>\n<p><a href=\"http:\/\/bibiloni.cat\/blog\/?p=2805\">Santa Clara<\/a> (12 d&#8217;agost) ara 11<\/p>\n<p><a href=\"http:\/\/bibiloni.cat\/blog\/?p=2809\">La Mare de D\u00e9u d&#8217;Agost<\/a> (15 d&#8217;agost)<\/p>\n<p><a href=\"http:\/\/bibiloni.cat\/blog\/?p=2806\">Sant Roc<\/a> (16 d&#8217;agost)<\/p>\n<p><a href=\"http:\/\/bibiloni.cat\/blog\/?p=2807\">Santa Helena<\/a> (18 d&#8217;agost)<\/p>\n<p><a href=\"http:\/\/bibiloni.cat\/blog\/?p=2810\">Sant Mag\u00ed<\/a> (19 d&#8217;agost)<\/p>\n<p><a href=\"http:\/\/bibiloni.cat\/blog\/?p=2811\">Sant Bernat<\/a> (20 d&#8217;agost)<\/p>\n<p><a href=\"http:\/\/bibiloni.cat\/blog\/?p=2812\">Sant Bartomeu<\/a> (24 d&#8217;agost)<\/p>\n<p><a href=\"http:\/\/bibiloni.cat\/blog\/?p=2813\">Sant Llu\u00eds<\/a> (25 d&#8217;agost)<\/p>\n<p><a href=\"http:\/\/bibiloni.cat\/blog\/?p=2808\">Sant Agust\u00ed<\/a> (28 d&#8217;agost)<\/p>\n<p><a href=\"http:\/\/bibiloni.cat\/blog\/?p=2814\">Santa Rosa<\/a> (30 d&#8217;agost)<\/p>\n<p><a href=\"http:\/\/bibiloni.cat\/blog\/?p=2815\">Sant Ramon Nonat<\/a> (31 d&#8217;agost)<\/p>\n<p><a href=\"http:\/\/bibiloni.cat\/blog\/?p=2846\">La Mare de D\u00e9u de Setembre<\/a> (8 de setembre)<\/p>\n<p><a href=\"http:\/\/bibiloni.cat\/blog\/?p=2848\">El Dol\u00e7 Nom de Maria i la Mare de D\u00e9u de Lluc<\/a> (12 de setembre)<\/p>\n<p><a href=\"http:\/\/bibiloni.cat\/blog\/?p=2866\">Sant Mateu<\/a> (21 de setembre)<\/p>\n<p>Santa Tecla (23 de setembre)<\/p>\n<p><a href=\"http:\/\/bibiloni.cat\/blog\/?p=2868\">La Merc\u00e8<\/a> (24 de setembre)<\/p>\n<p><a href=\"http:\/\/bibiloni.cat\/blog\/?p=2871\">Sant Cosme i Sant Dami\u00e0<\/a> (27 de setembre)<\/p>\n<p><a href=\"http:\/\/bibiloni.cat\/blog\/?p=2872\">Sant Miquel<\/a> (29 de setembre)<\/p>\n<p><a href=\"http:\/\/bibiloni.cat\/blog\/?p=2884\">Sant Jeroni<\/a> (30 de setembre)<\/p>\n<p><a href=\"http:\/\/bibiloni.cat\/blog\/?p=2888\">Dia de l&#8217;\u00c0ngel Custodi<\/a> (2 d&#8217;octubre)<\/p>\n<p><a href=\"http:\/\/bibiloni.cat\/blog\/?p=2892\">Sant Francesc<\/a> (4 d&#8217;octubre)<\/p>\n<p><a href=\"http:\/\/bibiloni.cat\/blog\/?p=2906\">Sant Bru<\/a> (6 d&#8217;octubre)<\/p>\n<p><a href=\"http:\/\/bibiloni.cat\/blog\/?p=2905\">La Mare de D\u00e9u del Roser<\/a> (7 d&#8217;octubre)<\/p>\n<p><a href=\"http:\/\/bibiloni.cat\/blog\/?p=2914\">Santa Teresa<\/a> (15 d&#8217;octubre)<\/p>\n<p><a href=\"http:\/\/bibiloni.cat\/blog\/?p=2917\">Sant Lluc<\/a> (18 d&#8217;octubre)<\/p>\n<p><a href=\"http:\/\/bibiloni.cat\/blog\/?p=2920\">Santa \u00darsula i les Verges<\/a> (21 d&#8217;octubre)<\/p>\n<p><a href=\"http:\/\/bibiloni.cat\/blog\/?p=2924\">Sant Rafel<\/a> (24 d&#8217;octubre)<\/p>\n<p><a href=\"http:\/\/bibiloni.cat\/blog\/?p=2928\">Sant Sim\u00f3<\/a> (28 d&#8217;octubre)<\/p>\n<p><a href=\"http:\/\/bibiloni.cat\/blog\/?p=2931\">Sant Narc\u00eds<\/a> (29 d&#8217;octubre)<\/p>\n<p><a href=\"http:\/\/bibiloni.cat\/blog\/?p=1203\">Tots Sants<\/a> (1<sup>r<\/sup> de novembre)<\/p>\n<p><a href=\"http:\/\/bibiloni.cat\/blog\/?p=1200\">Sant Carles<\/a> (4 de novembre)<\/p>\n<p><a href=\"http:\/\/bibiloni.cat\/blog\/?p=1194\">Santa Elisabet<\/a>\u00a0(5 de novembre)<\/p>\n<p><a href=\"http:\/\/bibiloni.cat\/blog\/?p=1190\">Sant Mart\u00ed<\/a> (11 de novembre)<\/p>\n<p><a href=\"http:\/\/bibiloni.cat\/blog\/?p=1186\">Sant Albert el Gran<\/a> (15 de novembre)<\/p>\n<p><a href=\"http:\/\/bibiloni.cat\/blog\/?p=1183\">Santa Elisabet d&#8217;Hongria<\/a> (17 de novembre)<\/p>\n<p><a href=\"http:\/\/bibiloni.cat\/blog\/?p=1179\">Santa Cec\u00edlia<\/a> (22 de novembre)<\/p>\n<p><a href=\"http:\/\/bibiloni.cat\/blog\/?p=1176\">Sant Climent<\/a> (23 de novembre)<\/p>\n<p><a href=\"http:\/\/bibiloni.cat\/blog\/?p=1168\">Santa Caterina<\/a> (25 de novembre)<\/p>\n<p><a href=\"http:\/\/bibiloni.cat\/blog\/?p=1156\">Sant Andreu<\/a> (30 de novembre)<\/p>\n<p>Sant Eloi (1<sup>r<\/sup> de desembre)<\/p>\n<p><a href=\"http:\/\/bibiloni.cat\/blog\/?p=1254\">Sant Francesc Xavier<\/a> (3 de desembre)<\/p>\n<p><a href=\"http:\/\/bibiloni.cat\/blog\/?p=1248\">Santa B\u00e0rbara<\/a> (4 de desembre)<\/p>\n<p><a href=\"http:\/\/bibiloni.cat\/blog\/?p=1269\">Sant Nicolau<\/a> (6 de desembre)<\/p>\n<p><a href=\"http:\/\/bibiloni.cat\/blog\/?p=1284\">La Pur\u00edssima<\/a> (8 de desembre)<\/p>\n<p><a href=\"http:\/\/bibiloni.cat\/blog\/?p=1308\">Santa Ll\u00facia<\/a> (13 de desembre)<\/p>\n<p><a href=\"http:\/\/bibiloni.cat\/blog\/?p=1340\">Sant Ll\u00e0tzer<\/a> (17 de desembre)<\/p>\n<p><a href=\"http:\/\/bibiloni.cat\/blog\/?p=1349\">La Mare de D\u00e9u de l&#8217;Esperan\u00e7a<\/a> (18 de desembre)<\/p>\n<p><a href=\"http:\/\/bibiloni.cat\/blog\/?p=1374\">Sant Tom\u00e0s<\/a> (21 de desembre)<\/p>\n<p><a href=\"http:\/\/bibiloni.cat\/blog\/?p=1379\">Nadal<\/a> (25 de desembre)<\/p>\n<p><a href=\"http:\/\/bibiloni.cat\/blog\/?p=1447\">Santa Eug\u00e8nia<\/a> (25 de desembre)<\/p>\n<p><a href=\"http:\/\/bibiloni.cat\/blog\/?p=1399\">Sant Esteve<\/a> (26 de desembre)<\/p>\n<p><a href=\"http:\/\/bibiloni.cat\/blog\/?p=1472\">Dia dels Innocents<\/a> (28 de desembre)<\/p>\n<p><a href=\"http:\/\/bibiloni.cat\/blog\/?p=1531\">Sant Silvestre i Santa Coloma<\/a> (31 de desembre)<\/p>\n","protected":false},"excerpt":{"rendered":"<p>Cap d&#8217;Any, \u00abSant Jes\u00fas\u00bb i un enigma (1r de gener) Els Reis (6 de gener) Sant Juli\u00e0 (9 de gener) Sant Honorat (16 de gener) Sant Antoni (17 de gener) Sant Sebasti\u00e0 (20 de gener) Santa Agn\u00e8s (21 de gener) Sant Vicen\u00e7 (22 de gener) Sant Pau (25 de gener) La Candelera (2 de febrer) [&hellip;]<\/p>\n","protected":false},"author":1,"featured_media":0,"parent":0,"menu_order":0,"comment_status":"closed","ping_status":"closed","template":"","meta":{"_mi_skip_tracking":false,"_monsterinsights_sitenote_active":false,"_monsterinsights_sitenote_note":"","_monsterinsights_sitenote_category":0,"_s2mail":"yes","footnotes":""},"class_list":["post-2505","page","type-page","status-publish","hentry"],"_links":{"self":[{"href":"https:\/\/bibiloni.cat\/blog\/wp-json\/wp\/v2\/pages\/2505","targetHints":{"allow":["GET"]}}],"collection":[{"href":"https:\/\/bibiloni.cat\/blog\/wp-json\/wp\/v2\/pages"}],"about":[{"href":"https:\/\/bibiloni.cat\/blog\/wp-json\/wp\/v2\/types\/page"}],"author":[{"embeddable":true,"href":"https:\/\/bibiloni.cat\/blog\/wp-json\/wp\/v2\/users\/1"}],"replies":[{"embeddable":true,"href":"https:\/\/bibiloni.cat\/blog\/wp-json\/wp\/v2\/comments?post=2505"}],"version-history":[{"count":0,"href":"https:\/\/bibiloni.cat\/blog\/wp-json\/wp\/v2\/pages\/2505\/revisions"}],"wp:attachment":[{"href":"https:\/\/bibiloni.cat\/blog\/wp-json\/wp\/v2\/media?parent=2505"}],"curies":[{"name":"wp","href":"https:\/\/api.w.org\/{rel}","templated":true}]}}